{"id":51,"date":"2023-03-18T18:52:33","date_gmt":"2023-03-18T18:52:33","guid":{"rendered":"https:\/\/diecisietedemayo.com\/?page_id=51"},"modified":"2025-01-09T16:48:17","modified_gmt":"2025-01-09T16:48:17","slug":"desplazamiento","status":"publish","type":"page","link":"https:\/\/diecisietedemayo.com\/?page_id=51","title":{"rendered":"Desplazamiento"},"content":{"rendered":"<p>[et_pb_section fb_built=\u00bb1&#8243; admin_label=\u00bbHeader\u00bb _builder_version=\u00bb4.20.2&#8243; background_color=\u00bb#FFFFFF\u00bb custom_padding=\u00bb||0px||false|false\u00bb global_colors_info=\u00bb{}\u00bb][et_pb_row _builder_version=\u00bb4.20.2&#8243; z_index=\u00bb1&#8243; global_colors_info=\u00bb{}\u00bb][et_pb_column type=\u00bb4_4&#8243; _builder_version=\u00bb4.16&#8243; custom_padding=\u00bb||||false|false\u00bb global_colors_info=\u00bb{}\u00bb][et_pb_divider show_divider=\u00bboff\u00bb _builder_version=\u00bb4.20.2&#8243; background_color=\u00bbrgba(34,84,8,0.21)\u00bb transform_translate=\u00bb250px|0px\u00bb transform_translate_linked=\u00bboff\u00bb positioning=\u00bbabsolute\u00bb position_origin_a=\u00bbtop_right\u00bb horizontal_offset=\u00bb50%\u00bb width=\u00bb48%\u00bb max_width=\u00bb20%\u00bb min_height=\u00bb900px\u00bb height=\u00bb500px\u00bb custom_margin=\u00bb|-3px||-16px|false|false\u00bb scroll_vertical_motion_enable=\u00bbon\u00bb scroll_vertical_motion=\u00bb0|50|50|100|0|0|2&#8243; scroll_horizontal_motion=\u00bb0|50|50|100|1|0|0.5&#8243; scroll_scaling_enable=\u00bbon\u00bb scroll_scaling=\u00bb0|50|50|100|100%|100|70%\u00bb motion_trigger_start=\u00bbbottom\u00bb global_colors_info=\u00bb{}\u00bb][\/et_pb_divider][et_pb_text _builder_version=\u00bb4.20.2&#8243; text_font=\u00bbtechniclite||||||||\u00bb text_text_color=\u00bb#434f3e\u00bb text_font_size=\u00bb24px\u00bb text_line_height=\u00bb2em\u00bb header_font=\u00bbDomine||||||||\u00bb header_font_size=\u00bb70px\u00bb header_line_height=\u00bb1.3em\u00bb min_height=\u00bb17.4px\u00bb custom_margin=\u00bb-6px|||||\u00bb custom_padding=\u00bb0px||0px|||\u00bb text_font_size_tablet=\u00bb18px\u00bb text_font_size_phone=\u00bb16px\u00bb text_font_size_last_edited=\u00bbon|phone\u00bb header_font_size_tablet=\u00bb48px\u00bb header_font_size_phone=\u00bb38px\u00bb header_font_size_last_edited=\u00bbon|phone\u00bb locked=\u00bboff\u00bb inline_fonts=\u00bbtechniclite,Baskervville\u00bb global_colors_info=\u00bb{}\u00bb]<\/p>\n<h1><span style=\"color: #2b4025; font-family: techniclite; font-weight: normal;\"><span style=\"caret-color: #434f3e;\"><b>Desplazamiento<\/b><\/span><\/span><\/h1>\n<p><span style=\"color: #003366; font-family: Baskervville;\"><span style=\"caret-color: #434f3e;\"><b><\/b><\/span><\/span><\/p>\n<p>[\/et_pb_text][\/et_pb_column][\/et_pb_row][et_pb_row _builder_version=\u00bb4.20.2&#8243; z_index=\u00bb1&#8243; custom_padding=\u00bb0px||0px|||\u00bb global_colors_info=\u00bb{}\u00bb][et_pb_column type=\u00bb4_4&#8243; _builder_version=\u00bb4.16&#8243; custom_padding=\u00bb||||false|false\u00bb global_colors_info=\u00bb{}\u00bb][et_pb_text _builder_version=\u00bb4.27.4&#8243; text_font=\u00bbtechniclite||||||||\u00bb text_text_color=\u00bb#434f3e\u00bb text_font_size=\u00bb16px\u00bb text_line_height=\u00bb1em\u00bb header_font=\u00bbDomine||||||||\u00bb header_font_size=\u00bb70px\u00bb header_line_height=\u00bb1.3em\u00bb min_height=\u00bb66px\u00bb custom_padding=\u00bb||0px|||\u00bb text_font_size_tablet=\u00bb18px\u00bb text_font_size_phone=\u00bb16px\u00bb text_font_size_last_edited=\u00bbon|phone\u00bb header_font_size_tablet=\u00bb48px\u00bb header_font_size_phone=\u00bb38px\u00bb header_font_size_last_edited=\u00bbon|phone\u00bb locked=\u00bboff\u00bb global_colors_info=\u00bb{}\u00bb]<\/p>\n<p>Ja\u00e9n os espera para la celebraci\u00f3n, y aqu\u00ed os dejamos las opciones para llegar<\/p>\n<p>[\/et_pb_text][\/et_pb_column][\/et_pb_row][et_pb_row column_structure=\u00bb1_2,1_2&#8243; _builder_version=\u00bb4.20.2&#8243; _module_preset=\u00bbdefault\u00bb global_colors_info=\u00bb{}\u00bb][et_pb_column type=\u00bb1_2&#8243; _builder_version=\u00bb4.20.2&#8243; _module_preset=\u00bbdefault\u00bb global_colors_info=\u00bb{}\u00bb][et_pb_image src=\u00bbhttp:\/\/diecisietedemayo.com\/wp-content\/uploads\/2025\/01\/color-rojo-.png\u00bb title_text=\u00bbcolor rojo\u00bb _builder_version=\u00bb4.27.4&#8243; _module_preset=\u00bbdefault\u00bb global_colors_info=\u00bb{}\u00bb][\/et_pb_image][\/et_pb_column][et_pb_column type=\u00bb1_2&#8243; _builder_version=\u00bb4.20.2&#8243; _module_preset=\u00bbdefault\u00bb global_colors_info=\u00bb{}\u00bb][et_pb_text _builder_version=\u00bb4.20.2&#8243; _module_preset=\u00bbdefault\u00bb global_colors_info=\u00bb{}\u00bb]<\/p>\n<p style=\"text-align: left;\"><span style=\"color: #4f7336;\"><strong>EN COCHE (OPCI\u00d3N RECOMENDADA)<\/strong><\/span><\/p>\n<p style=\"text-align: left;\">Disfrutad del trayecto por la A-7 y A-4, una ruta c\u00f3moda y directa. Aqu\u00ed ten\u00e9is el enlace al mapa con las indicaciones detalladas:<br \/><a rel=\"noopener\" target=\"_new\" href=\"https:\/\/maps.app.goo.gl\/Zr46m6qhbBH12G6z8\"><span><\/span><\/a><\/p>\n<p style=\"text-align: left;\"><span style=\"color: #001754;\"><a rel=\"noopener\" target=\"_new\" href=\"https:\/\/maps.app.goo.gl\/Zr46m6qhbBH12G6z8\" style=\"color: #001754;\">Google Maps &#8211; Ruta Gand\u00eda a Ja\u00e9n<\/a><\/span><\/p>\n<p style=\"text-align: left;\"><span><\/span><\/p>\n<p style=\"text-align: left;\"><span style=\"color: #4f7336;\"><strong>EN TREN<\/strong><\/span><\/p>\n<p style=\"text-align: left;\">Si prefer\u00eds viajar en tren, las combinaciones desde Valencia son las siguientes:<\/p>\n<p style=\"padding-left: 40px; text-align: left;\"><span style=\"color: #4f7336;\"><strong>Valencia \u2013 C\u00f3rdoba \u2013 Ja\u00e9n<\/strong><\/span><\/p>\n<p style=\"padding-left: 40px; text-align: left;\"><span style=\"color: #4f7336;\"><strong>Valencia \u2013 Linares-Baeza \u2013 Ja\u00e9n<\/strong><\/span><\/p>\n<p style=\"text-align: left;\">Os recomendamos consultar los horarios en la web de Renfe para ajustar vuestra planificaci\u00f3n.<\/p>\n<p style=\"text-align: left;\">\u00a1Nos vemos pronto!<\/p>\n<p>[\/et_pb_text][\/et_pb_column][\/et_pb_row][\/et_pb_section]<\/p>\n","protected":false},"excerpt":{"rendered":"<p>Desplazamiento Ja\u00e9n os espera para la celebraci\u00f3n, y aqu\u00ed os dejamos las opciones para llegarEN COCHE (OPCI\u00d3N RECOMENDADA) Disfrutad del trayecto por la A-7 y A-4, una ruta c\u00f3moda y directa. Aqu\u00ed ten\u00e9is el enlace al mapa con las indicaciones detalladas: Google Maps &#8211; Ruta Gand\u00eda a Ja\u00e9n EN TREN Si prefer\u00eds viajar en tren, [&hellip;]<\/p>\n","protected":false},"author":1,"featured_media":0,"parent":0,"menu_order":0,"comment_status":"closed","ping_status":"closed","template":"","meta":{"_et_pb_use_builder":"on","_et_pb_old_content":"","_et_gb_content_width":""},"_links":{"self":[{"href":"https:\/\/diecisietedemayo.com\/index.php?rest_route=\/wp\/v2\/pages\/51"}],"collection":[{"href":"https:\/\/diecisietedemayo.com\/index.php?rest_route=\/wp\/v2\/pages"}],"about":[{"href":"https:\/\/diecisietedemayo.com\/index.php?rest_route=\/wp\/v2\/types\/page"}],"author":[{"embeddable":true,"href":"https:\/\/diecisietedemayo.com\/index.php?rest_route=\/wp\/v2\/users\/1"}],"replies":[{"embeddable":true,"href":"https:\/\/diecisietedemayo.com\/index.php?rest_route=%2Fwp%2Fv2%2Fcomments&post=51"}],"version-history":[{"count":17,"href":"https:\/\/diecisietedemayo.com\/index.php?rest_route=\/wp\/v2\/pages\/51\/revisions"}],"predecessor-version":[{"id":891,"href":"https:\/\/diecisietedemayo.com\/index.php?rest_route=\/wp\/v2\/pages\/51\/revisions\/891"}],"wp:attachment":[{"href":"https:\/\/diecisietedemayo.com\/index.php?rest_route=%2Fwp%2Fv2%2Fmedia&parent=51"}],"curies":[{"name":"wp","href":"https:\/\/api.w.org\/{rel}","templated":true}]}}